{"id":137,"date":"2025-06-04T01:38:02","date_gmt":"2025-06-03T23:38:02","guid":{"rendered":"http:\/\/serwer362463.lh.pl\/autoinstalator\/serwer362463.lh.pl\/wordpress122337\/?page_id=137"},"modified":"2025-06-04T01:55:07","modified_gmt":"2025-06-03T23:55:07","slug":"prawo-rodzinne","status":"publish","type":"page","link":"https:\/\/adwokat-faron.pl\/index.php\/prawo-rodzinne\/","title":{"rendered":"Prawo rodzinne"},"content":{"rendered":"\t\t<div data-elementor-type=\"wp-page\" data-elementor-id=\"137\" class=\"elementor elementor-137\" data-elementor-post-type=\"page\">\n\t\t\t\t<div class=\"elementor-element elementor-element-0c3d986 e-flex e-con-boxed e-con e-parent\" data-id=\"0c3d986\" data-element_type=\"container\" data-e-type=\"container\" data-settings=\"{&quot;background_background&quot;:&quot;classic&quot;}\">\n\t\t\t\t\t<div class=\"e-con-inner\">\n\t\t<div class=\"elementor-element elementor-element-5914f8e e-con-full e-flex e-con e-child\" data-id=\"5914f8e\" data-element_type=\"container\" data-e-type=\"container\">\n\t\t\t\t<div class=\"elementor-element elementor-element-d67accb elementor-widget elementor-widget-heading\" data-id=\"d67accb\" data-element_type=\"widget\" data-e-type=\"widget\" data-widget_type=\"heading.default\">\n\t\t\t\t\t<h1 class=\"elementor-heading-title elementor-size-default\">Prawo rodzinne.<\/h1>\t\t\t\t<\/div>\n\t\t\t\t<div class=\"elementor-element elementor-element-c0ce8a2 elementor-widget elementor-widget-text-editor\" data-id=\"c0ce8a2\" data-element_type=\"widget\" data-e-type=\"widget\" data-widget_type=\"text-editor.default\">\n\t\t\t\t\t\t\t\t\t<p data-start=\"432\" data-end=\"698\"><strong data-start=\"432\" data-end=\"497\">Rodzina to najdelikatniejsza materia, z jak\u0105 styka si\u0119 prawo.<\/strong><br data-start=\"497\" data-end=\"500\" \/>Ka\u017cda sprawa rodzinna to nie tylko zbi\u00f3r dokument\u00f3w i przepis\u00f3w \u2013 to emocje, relacje, l\u0119k o przysz\u0142o\u015b\u0107.<br data-start=\"603\" data-end=\"606\" \/><strong data-start=\"606\" data-end=\"698\">W\u0142a\u015bnie dlatego w sprawach rodzinnych stawiam na rozmow\u0119, zrozumienie i pe\u0142n\u0105 dyskrecj\u0119.<\/strong><\/p><p data-start=\"700\" data-end=\"713\">Pomagam, gdy:<\/p><p data-start=\"715\" data-end=\"973\">\u2013 trzeba przej\u015b\u0107 przez rozw\u00f3d bez zb\u0119dnych ran,<br data-start=\"762\" data-end=\"765\" \/>\u2013 ustali\u0107 opiek\u0119 nad dzieckiem lub alimenty,<br data-start=\"809\" data-end=\"812\" \/>\u2013 uregulowa\u0107 kontakty w spos\u00f3b, kt\u00f3ry chroni dobro dziecka,<br data-start=\"871\" data-end=\"874\" \/>\u2013 podzieli\u0107 maj\u0105tek z szacunkiem i spokojem,<br data-start=\"918\" data-end=\"921\" \/>\u2013 zabezpieczy\u0107 siebie lub bliskich przed przemoc\u0105.<\/p><p data-start=\"975\" data-end=\"1107\"><strong data-start=\"975\" data-end=\"1037\">Twoja sytuacja jest wyj\u0105tkowa \u2013 i tak w\u0142a\u015bnie j\u0105 traktuj\u0119.<\/strong><br data-start=\"1037\" data-end=\"1040\" \/>Z empati\u0105, ale z konkretnym dzia\u0142aniem.<br data-start=\"1079\" data-end=\"1082\" \/>Zawsze po Twojej stronie.<\/p>\t\t\t\t\t\t\t\t<\/div>\n\t\t\t\t<div class=\"elementor-element elementor-element-0c241ce elementor-hidden-desktop elementor-hidden-tablet elementor-widget-divider--view-line elementor-widget elementor-widget-divider\" data-id=\"0c241ce\" data-element_type=\"widget\" data-e-type=\"widget\" data-widget_type=\"divider.default\">\n\t\t\t\t\t\t\t<div class=\"elementor-divider\">\n\t\t\t<span class=\"elementor-divider-separator\">\n\t\t\t\t\t\t<\/span>\n\t\t<\/div>\n\t\t\t\t\t\t<\/div>\n\t\t\t\t<\/div>\n\t\t<div class=\"elementor-element elementor-element-e381ed6 e-con-full e-flex e-con e-child\" data-id=\"e381ed6\" data-element_type=\"container\" data-e-type=\"container\" data-settings=\"{&quot;background_background&quot;:&quot;classic&quot;}\">\n\t\t\t\t<div class=\"elementor-element elementor-element-eae3c52 elementor-hidden-tablet elementor-hidden-mobile elementor-widget elementor-widget-text-editor\" data-id=\"eae3c52\" data-element_type=\"widget\" data-e-type=\"widget\" data-widget_type=\"text-editor.default\">\n\t\t\t\t\t\t\t\t\t<p data-start=\"1166\" data-end=\"1218\"><strong data-start=\"1166\" data-end=\"1216\">Zakres pomocy prawnej w sprawach rodzinnych:<\/strong><\/p><ul data-start=\"1220\" data-end=\"1895\"><li data-start=\"1220\" data-end=\"1342\"><p data-start=\"1222\" data-end=\"1342\"><strong data-start=\"1222\" data-end=\"1245\">Rozwody i separacje<\/strong><br data-start=\"1245\" data-end=\"1248\" \/>\u2192 z orzekaniem o winie lub bez,<br data-start=\"1281\" data-end=\"1284\" \/>\u2192 ustalenie kontakt\u00f3w, w\u0142adzy rodzicielskiej, aliment\u00f3w.<\/p><\/li><li data-start=\"1344\" data-end=\"1459\"><p data-start=\"1346\" data-end=\"1459\"><strong data-start=\"1346\" data-end=\"1378\">Podzia\u0142 maj\u0105tku po rozwodzie<\/strong><br data-start=\"1378\" data-end=\"1381\" \/>\u2192 negocjacje i post\u0119powania s\u0105dowe,<br data-start=\"1418\" data-end=\"1421\" \/>\u2192 ochrona interes\u00f3w jednej ze stron.<\/p><\/li><li data-start=\"1461\" data-end=\"1553\"><p data-start=\"1463\" data-end=\"1553\"><strong data-start=\"1463\" data-end=\"1475\">Alimenty<\/strong><br data-start=\"1475\" data-end=\"1478\" \/>\u2192 ustalenie, podwy\u017cszenie, obni\u017cenie,<br data-start=\"1517\" data-end=\"1520\" \/>\u2192 pomoc w egzekucji zaleg\u0142o\u015bci.<\/p><\/li><li data-start=\"1555\" data-end=\"1700\"><p data-start=\"1557\" data-end=\"1700\"><strong data-start=\"1557\" data-end=\"1603\">Kontakty z dzieckiem i opieka naprzemienna<\/strong><br data-start=\"1603\" data-end=\"1606\" \/>\u2192 reprezentacja w sporach o opiek\u0119,<br data-start=\"1643\" data-end=\"1646\" \/>\u2192 uregulowanie kontakt\u00f3w w spos\u00f3b chroni\u0105cy dziecko.<\/p><\/li><li data-start=\"1702\" data-end=\"1843\"><p data-start=\"1704\" data-end=\"1843\"><strong data-start=\"1704\" data-end=\"1739\">Przemoc domowa i zabezpieczenia<\/strong><br data-start=\"1739\" data-end=\"1742\" \/>\u2192 natychmiastowe dzia\u0142ania prawne,<br data-start=\"1778\" data-end=\"1781\" \/>\u2192 zakaz zbli\u017cania si\u0119, eksmisje, pomoc w Niebieskiej Karcie.<\/p><\/li><li data-start=\"1845\" data-end=\"1895\"><p data-start=\"1847\" data-end=\"1895\"><strong data-start=\"1847\" data-end=\"1895\">Sprawy o ustalenie lub zaprzeczenie ojcostwa<\/strong><\/p><\/li><\/ul>\t\t\t\t\t\t\t\t<\/div>\n\t\t\t\t<div class=\"elementor-element elementor-element-ccee172 elementor-hidden-desktop elementor-hidden-tablet elementor-widget elementor-widget-text-editor\" data-id=\"ccee172\" data-element_type=\"widget\" data-e-type=\"widget\" data-widget_type=\"text-editor.default\">\n\t\t\t\t\t\t\t\t\t<p data-start=\"1166\" data-end=\"1218\"><strong data-start=\"1166\" data-end=\"1216\">Zakres pomocy prawnej w sprawach rodzinnych:<\/strong><\/p><ul data-start=\"1220\" data-end=\"1895\"><li data-start=\"1220\" data-end=\"1342\"><p data-start=\"1222\" data-end=\"1342\"><strong data-start=\"1222\" data-end=\"1245\">Rozwody i separacje<\/strong><br data-start=\"1245\" data-end=\"1248\" \/>\u2192 z orzekaniem o winie lub bez,<br data-start=\"1281\" data-end=\"1284\" \/>\u2192 ustalenie kontakt\u00f3w, w\u0142adzy rodzicielskiej, aliment\u00f3w.<\/p><\/li><li data-start=\"1344\" data-end=\"1459\"><p data-start=\"1346\" data-end=\"1459\"><strong data-start=\"1346\" data-end=\"1378\">Podzia\u0142 maj\u0105tku po rozwodzie<\/strong><br data-start=\"1378\" data-end=\"1381\" \/>\u2192 negocjacje i post\u0119powania s\u0105dowe,<br data-start=\"1418\" data-end=\"1421\" \/>\u2192 ochrona interes\u00f3w jednej ze stron.<\/p><\/li><li data-start=\"1461\" data-end=\"1553\"><p data-start=\"1463\" data-end=\"1553\"><strong data-start=\"1463\" data-end=\"1475\">Alimenty<\/strong><br data-start=\"1475\" data-end=\"1478\" \/>\u2192 ustalenie, podwy\u017cszenie, obni\u017cenie,<br data-start=\"1517\" data-end=\"1520\" \/>\u2192 pomoc w egzekucji zaleg\u0142o\u015bci.<\/p><\/li><li data-start=\"1555\" data-end=\"1700\"><p data-start=\"1557\" data-end=\"1700\"><strong data-start=\"1557\" data-end=\"1603\">Kontakty z dzieckiem i opieka naprzemienna<\/strong><br data-start=\"1603\" data-end=\"1606\" \/>\u2192 reprezentacja w sporach o opiek\u0119,<br data-start=\"1643\" data-end=\"1646\" \/>\u2192 uregulowanie kontakt\u00f3w w spos\u00f3b chroni\u0105cy dziecko.<\/p><\/li><li data-start=\"1702\" data-end=\"1843\"><p data-start=\"1704\" data-end=\"1843\"><strong data-start=\"1704\" data-end=\"1739\">Przemoc domowa i zabezpieczenia<\/strong><br data-start=\"1739\" data-end=\"1742\" \/>\u2192 natychmiastowe dzia\u0142ania prawne,<br data-start=\"1778\" data-end=\"1781\" \/>\u2192 zakaz zbli\u017cania si\u0119, eksmisje, pomoc w Niebieskiej Karcie.<\/p><\/li><li data-start=\"1845\" data-end=\"1895\"><p data-start=\"1847\" data-end=\"1895\"><strong data-start=\"1847\" data-end=\"1895\">Sprawy o ustalenie lub zaprzeczenie ojcostwa<\/strong><\/p><\/li><\/ul>\t\t\t\t\t\t\t\t<\/div>\n\t\t\t\t<\/div>\n\t\t\t\t\t<\/div>\n\t\t\t\t<\/div>\n\t\t\t\t<\/div>\n\t\t","protected":false},"excerpt":{"rendered":"<p>Prawo rodzinne. Rodzina to najdelikatniejsza materia, z jak\u0105 styka si\u0119 prawo.Ka\u017cda sprawa rodzinna to nie tylko zbi\u00f3r dokument\u00f3w i przepis\u00f3w \u2013 to emocje, relacje, l\u0119k o przysz\u0142o\u015b\u0107.W\u0142a\u015bnie dlatego w sprawach rodzinnych stawiam na rozmow\u0119, zrozumienie i pe\u0142n\u0105 dyskrecj\u0119. Pomagam, gdy: \u2013 trzeba przej\u015b\u0107 przez rozw\u00f3d bez zb\u0119dnych ran,\u2013 ustali\u0107 opiek\u0119 nad dzieckiem lub alimenty,\u2013 uregulowa\u0107 [&hellip;]<\/p>\n","protected":false},"author":1,"featured_media":0,"parent":0,"menu_order":0,"comment_status":"closed","ping_status":"closed","template":"","meta":{"footnotes":""},"class_list":["post-137","page","type-page","status-publish","hentry"],"_links":{"self":[{"href":"https:\/\/adwokat-faron.pl\/index.php\/wp-json\/wp\/v2\/pages\/137","targetHints":{"allow":["GET"]}}],"collection":[{"href":"https:\/\/adwokat-faron.pl\/index.php\/wp-json\/wp\/v2\/pages"}],"about":[{"href":"https:\/\/adwokat-faron.pl\/index.php\/wp-json\/wp\/v2\/types\/page"}],"author":[{"embeddable":true,"href":"https:\/\/adwokat-faron.pl\/index.php\/wp-json\/wp\/v2\/users\/1"}],"replies":[{"embeddable":true,"href":"https:\/\/adwokat-faron.pl\/index.php\/wp-json\/wp\/v2\/comments?post=137"}],"version-history":[{"count":7,"href":"https:\/\/adwokat-faron.pl\/index.php\/wp-json\/wp\/v2\/pages\/137\/revisions"}],"predecessor-version":[{"id":177,"href":"https:\/\/adwokat-faron.pl\/index.php\/wp-json\/wp\/v2\/pages\/137\/revisions\/177"}],"wp:attachment":[{"href":"https:\/\/adwokat-faron.pl\/index.php\/wp-json\/wp\/v2\/media?parent=137"}],"curies":[{"name":"wp","href":"https:\/\/api.w.org\/{rel}","templated":true}]}}